0
Suppose -106 = -3*s - 2*g, 11*g - 6*g + 126 = 4*s. Suppose -45 = -37*i + s*i. Calculate the greatest common divisor of 155 and i.
5
Suppose -53*m + 62*m = 36. Suppose -7*p + 380 = -3*p - m*n, 0 = 5*p - 4*n - 476. Calculate the highest common factor of p and 16.
16
Let x = -2298 - -2988. Calculate the highest common divisor of x and 23.
23
Let m(w) = 57*w - 3180. Let s be m(70). Calculate the highest common factor of 765 and s.
45
Let h be (-1 - -3)*10/4. Suppose 0 = -6*q + h*q + 20. Suppose 6*x - 3*x - 60 = 0. What is the greatest common divisor of q and x?
20
Let m be (-30)/9*(11 + -35). Suppose 5*i = 6*i - 32. Suppose 0 = -s + 2*s - i. Calculate the highest common divisor of m and s.
16
Suppose 4*m + 23 = 259. Let d = 64 - m. Let r(g) = g**2 - 5*g - 4. Let q be r(6). Calculate the greatest common factor of d and q.
1
Let n be (-458)/(-10) - (-10)/50*(4 + -3). Calculate the highest common factor of 276 and n.
46
Let d = -327 + 441. Calculate the highest common factor of 192 and d.
6
Let j be (-4)/(-54) + (-1120)/(-189). Suppose -5 = -j*u + 1. Calculate the greatest common divisor of 19 and u.
1
Let n(d) = -2*d**3 + 144*d**2 + 213*d - 91. Let k be n(69). What is the highest common factor of k and 251?
251
Let x be (-6)/(-8) + (-132)/176. Suppose -4*j = 2*u - 40, x*u = -j + 4*u + 19. Calculate the greatest common divisor of j and 176.
11
Suppose 8303 = 52*d - 7297. Calculate the greatest common factor of d and 12.
12
Let d = 31 - 14. Let i = d - 69. Let w = i + 70. Calculate the highest common factor of 90 and w.
18
Let j(o) = 3*o + 46. Let q be (30/21 - -2)*-7. Let f be j(q). Let y = f + 32. What is the greatest common divisor of 2 and y?
2
Suppose -4*k + 931 = s, -3*s + 46 = -2*k + 501. Let t = 143 - 85. Calculate the greatest common divisor of t and k.
58
Let b = 14184 - 14081. Calculate the greatest common divisor of b and 4017.
103
Let f = 24253 - 15523. What is the greatest common factor of 9 and f?
9
Let x(m) = 9*m - 474. Let c be x(56). Calculate the greatest common divisor of 5190 and c.
30
Suppose -13*r + 18*r = -11*r + 46976. Calculate the highest common divisor of r and 8.
8
Suppose -t + 3*t = -w - 120, 4*t = 3*w + 370. Let c = 203 + w. Let q = 257 - 248. What is the highest common factor of q and c?
9
Let i(p) = -3*p - 7*p + 210*p**2 + 16*p + 3. Let z be i(-2). Suppose 6*q = z + 849. Calculate the greatest common factor of 35 and q.
35
Let u = 194 - 75. Let h = -2277 - -2345. Calculate the greatest common divisor of h and u.
17
Let z(n) = 9*n + 161. Let y be z(-17). Suppose -y*r + 37 + 51 = 0. Let u be 497/9 - (-6)/(-27). What is the greatest common factor of u and r?
11
Let x be (-3)/(2/(-154)*-7). Let h be (4/(-9))/(x/297). What is the greatest common factor of h and 50?
2
Let y = -853 + 870. Let s = -15 + y. Calculate the greatest common divisor of 39 and s.
1
Let u be 675/6 - (-54)/12*(-2)/18. Calculate the greatest common factor of 280 and u.
56
Let r = -4 - -13. Let h be (-6)/9*r/(-2). Suppose -2*i - h*b = -74, -60 - 136 = -5*i - 2*b. What is the greatest common divisor of i and 32?
8
Let n(i) = -i**2 - 103*i - 913. Let s be n(-92). Calculate the highest common factor of 189 and s.
9
Let c(n) = -324*n + 57192. Let g be c(176). Let m be -1 - (-1)/((-1)/(-64)). What is the highest common factor of g and m?
21
Suppose a = 2 + 3, 3*f = 3*a. Let w(o) be the first derivative of o**4/4 - 5*o**3/3 + o**2/2 + 89. Let v be w(5). What is the greatest common factor of f and v?
5
Let w(r) = -r**3 - 5*r**2 - 5*r + 3. Let x be w(-3). Let s(k) = -61*k + 357. Let z be s(x). What is the greatest common factor of z and 21?
21
Suppose 699131 = 150*f - 37*f. Calculate the highest common factor of f and 23.
23
Let w(k) = -5*k**2 - 9*k - 16. Let y(s) = 2*s**2 + s + 1. Let d(x) = w(x) + 3*y(x). Let l be d(10). What is the greatest common factor of l and 135?
27
Suppose -85*h - 353460 = -633*h. What is the highest common divisor of 180 and h?
15
Let k be (-6640)/(-72) - 8/36. Let p = 424 + -194. Calculate the highest common factor of p and k.
46
Let f be (-2)/((-51)/(-9) - 6). Suppose -f*z + 381 = -1869. Calculate the highest common divisor of 150 and z.
75
Let k(n) = 158*n + 11. Let a(f) = 79*f + 5. Let v(p) = -11*a(p) + 6*k(p). Let o be v(1). Calculate the greatest common divisor of 45 and o.
45
Suppose 2*m + 807 = -6*f + 3083, 2*f + 3*m - 768 = 0. Suppose 39*y = 41*y - 28. What is the greatest common factor of f and y?
14
Suppose x + 26 = -3*u, 0 = -u - x + 4*x + 8. Let d be ((-396)/u)/((-22)/(-231)). Calculate the greatest common divisor of 54 and d.
54
Let a be (-3)/7 - (300/35 + -13). Suppose 2*g - 22 = w - a*w, -w - 72 = -5*g. What is the highest common divisor of g and 77?
7
Let k be ((-18)/12)/(-4 + 135/36). What is the greatest common factor of 357 and k?
3
Let p(b) = -16*b**2 - 89*b + 51. Let k be p(-6). What is the highest common divisor of 37845 and k?
9
Let i = 1365 + 4416. What is the greatest common factor of 423 and i?
141
Let h(b) = -b**2 - 5*b - 7. Let i be h(-5). Let t = i + 28. Let x be (-6)/(-3 + -3) - 0 - -2. Calculate the greatest common factor of x and t.
3
Suppose -3*t + 1445 = -5*c, -29*c + 34*c = -4*t + 1880. What is the highest common factor of 25 and t?
25
Let x = 2444 + -2366. What is the highest common divisor of 3692 and x?
26
Suppose 0 = -7*b + 40*b - 15*b - 1944. Calculate the greatest common divisor of b and 3048.
12
Suppose 26*z - 72 = 18*z, 2*v + z = 881. What is the highest common divisor of v and 2289?
109
Let a(t) = -t**3 - 7*t**2 + 6*t + 7. Let d = -61 - -53. Let s be a(d). What is the highest common factor of s and 184?
23
Suppose -4*k = -4*m + 27280, -6800 = -28*m + 27*m - 4*k. Calculate the greatest common factor of 32 and m.
32
Suppose -165 + 310 = 10*a + 85. What is the greatest common divisor of 1371 and a?
3
Suppose 3*d + 128 = -7*q + 454, -30 = -5*d. Calculate the greatest common factor of q and 28.
4
Let o = 208 - 131. Let d be (2/(-6))/(22/21 + -1). Let c be 7*2*d/(-14). What is the highest common factor of o and c?
7
Let l(d) = -706*d**2 + 2*d + 2. Let q be l(-1). Let z be q/(-8) - (-1 - (-20)/16). Calculate the greatest common factor of z and 33.
11
Suppose -21 - 92 = -20*c + 487. What is the highest common divisor of c and 10590?
30
Let o = 74 + -42. Let q(f) = 2*f**2 - 37. Let g be q(-11). Let j = g - 197. What is the highest common divisor of j and o?
8
Let x be (-9)/6*8/(-6). Suppose x*q = -2*o + 26, -9*o + 4*o = 4*q - 54. What is the greatest common factor of q and 209?
11
Let q be -4 + (7 + 4 - 3). Let f be (10/8)/(q/16). Suppose 2*d - f*a - 157 = 0, -279 = 2*d - 6*d + 3*a. Calculate the greatest common divisor of 165 and d.
33
Let y(a) = -4*a**2 - 10*a + 19. Let h(u) = -3*u**2 - 8*u + 18. Let i(n) = 5*h(n) - 4*y(n). Let s be i(4). Calculate the greatest common factor of 10 and s.
10
Suppose 306 - 75 = g. Let b = g + -28. Suppose -10*m + 3*m + b = 0. What is the greatest common divisor of m and 203?
29
Let q(d) = 2*d**2 - 13*d - 7. Let z be q(7). Let m be 6 + (175 - 5) - z/3. What is the greatest common factor of m and 24?
8
Suppose -216 = -t + 26*p - 23*p, 460 = 2*t + p. Suppose 8*b - 180 = 3*b - 4*i, 0 = -b + i + 36. What is the greatest common divisor of b and t?
12
Let t = 14013 + -6577. Calculate the greatest common factor of 44 and t.
44
Let y(d) = 206*d**2 - 5*d - 4. Let f be y(-1). Let t be (f/2)/(2/4). What is the greatest common factor of 18 and t?
9
Suppose 74*c - 76*c = -46. Let f(q) = 199*q + 7. Let r be f(2). Suppose r = 3*o - 216. Calculate the highest common factor of c and o.
23
Let b = -211 + 176. Let l = 56 + b. Calculate the highest common factor of l and 3.
3
Suppose -13*x - 190 = 525. Let h = -9 - x. Let t = 95 - h. What is the highest common divisor of 343 and t?
49
Suppose -2760 = -16*m - 1560. What is the greatest common divisor of 400 and m?
25
Suppose -30206 - 16876 = -118*s. What is the greatest common factor of s and 483?
21
Let o be (9 - 31)*(-2)/4 + 8. Suppose -2*w + 128 = -76. Let h = o + w. Calculate the greatest common divisor of h and 11.
11
Suppose -1280*j = -1241*j - 1560. Calculate the highest common divisor of j and 1670.
10
Suppose p + 5*o - 38 = 0, -2*p - 14 = 490*o - 495*o. Calculate the greatest common divisor of p and 18472.
8
Let k(p) = p +